ghest common divisor of b and 24?
8
Let x be 60/((27/(-2))/(-9)). Suppose 2*m = -3*m - 20, -2*l + x = -4*m. What is the highest common divisor of l and 30?
6
Suppose -4*c + 572 = -u, 2*c = -20*u + 18*u + 296. What is the greatest common divisor of c and 120?
24
Let x = 1 + 0. Suppose 0 = -3*s - 4*m - m + 20, s - 3*m = 16. Let q = s + x. Calculate the highest common factor of q and 22.
11
Let m be (-24)/3*(-1)/(-2). Let d be (-1762)/(-4) + 2/m. Suppose 0 = 4*x - d + 88. Calculate the greatest common divisor of 8 and x.
8
Let w(q) = -q**3 - 8*q**2 + 21*q + 11. Let o be w(-10). Suppose 3*d = o + 5. What is the greatest common factor of d and 3?
1
Let i(z) = -234*z - 138. Let a be i(-2). Let v be (20/3)/((-2)/(-9)). Calculate the highest common divisor of a and v.
30
Let x be 344/(-215)*(-95)/2. Calculate the greatest common divisor of x and 133.
19
Let k be 6/(-6) + (1 - -15). Suppose 5*j - 13 = 137. What is the highest common factor of j and k?
15
Let w = 337 - 121. Suppose -5*x + 171 = v + 35, 5*v = -2*x + 59. Calculate the greatest common factor of x and w.
27
Suppose -2*i = -5*r + 128 + 4, -2*i - 2 = 0. What is the highest common factor of r and 8?
2
Suppose -3*o + 3 = 0, p = -0*p + 4*o + 4. What is the highest common divisor of 20 and p?
4
Let i be 12/(1 - 3) + (1 - -1247). What is the greatest common divisor of i and 46?
46
Let q(g) = 13*g**2 + 1. Let b be q(-2). Let i = b - 13. Suppose i = 3*o + 2*o. Calculate the highest common divisor of o and 88.
8
Suppose 5*m = 3*n - 41, -3*m - 25 = -2*n - 2*m. Let v be (-3)/n + (-3)/(-12) - -40. Calculate the greatest common factor of v and 10.
10
Let m = -19 + 34. Let k be 240/m*(-18)/(-8). Suppose 0 = -6*u + 2*u + k. Calculate the greatest common divisor of u and 9.
9
Suppose -2*h = -2*q + 16, q - h = 6*q - 28. Suppose 0 = -n + q*n - 40. Calculate the highest common factor of n and 4.
4
Suppose 2*r = 7*r + 4*y + 70, -45 = 3*r + 3*y. Let m be r/(-20)*(2 + 4). What is the highest common divisor of 24 and m?
3
Let q = 12 - -43. Suppose 5*p - 74 = -2*a + 9*p, -128 = -4*a - 2*p. What is the greatest common factor of a and q?
11
Let n be -2 - (-6 + 2 - 14). Let y = -16 + n. Suppose -5*p = 4*o - y*p - 19, 5*p = -25. What is the highest common divisor of o and 55?
11
Suppose -11 = -8*j + 149. Suppose -3*w = -0*w - 1920. Suppose 0 = -2*u - 2*u + w. Calculate the greatest common factor of u and j.
20
Let b = -7 + 9. Suppose 2*f = 5*w - f - 59, b*f = -5*w + 69. Calculate the greatest common divisor of w and 39.
13
Suppose -5*m + 84 + 56 = 0. Calculate the greatest common divisor of 4 and m.
4
Let l(j) = 6*j**2 - 2*j + 3. Let w be l(4). Calculate the highest common divisor of w and 39.
13
Suppose 105*t - 168 = 99*t. Calculate the greatest common divisor of 1246 and t.
14
Let a be 21 + ((-252)/(-6))/6. Calculate the highest common factor of a and 49.
7
Let z(k) = -k**2 + 13*k - 7. Let l be z(12). Suppose 0 = 2*g + l*n - 41, 0*g - 40 = -4*g + 4*n. What is the greatest common divisor of 13 and g?
13
Let i be 115 - (5 + (-42)/(-7)). Let c = -11 + 24. What is the greatest common factor of i and c?
13
Let v = -37 - -75. Suppose -4*q + v + 14 = 0. Calculate the highest common divisor of q and 117.
13
Let x(r) be the third derivative of -r**6/120 + r**5/20 + r**4/24 - 13*r**2. Let l be x(-2). Calculate the greatest common factor of l and 2.
2
Suppose -5*w = -3*c - 166, -8*c + 4*c - 128 = -4*w. What is the greatest common divisor of w and 175?
35
Let w = 16 - 16. Let x be (12 + -24)/(-1 + w). Calculate the highest common divisor of x and 204.
12
Suppose -7*c + 1424 + 424 = 0. What is the highest common factor of 12 and c?
12
Suppose 42*k - 135 = 33. What is the greatest common divisor of k and 31?
1
Let g = 88 - 83. Suppose 6*s = g*s + 2*r + 27, 4*s + r = 90. Calculate the highest common factor of s and 253.
23
Let m = 86 - -26. Let g be ((-7036)/m + 6/(-14))*-4. What is the greatest common divisor of 23 and g?
23
Let k = -282 - -292. What is the greatest common divisor of 20 and k?
10
Let c be 3 + -3 + 12 + -6. Suppose h - c = 5*l + 223, 5*l = -5. What is the highest common divisor of 32 and h?
32
Let x be 8/(-2) + (7 - (-16 + -3)). Suppose -3*j = -5*a - 335, 0 = -3*j - j + 3*a + 443. What is the greatest common factor of x and j?
22
Suppose -17*b + 354 + 1618 = 0. Calculate the highest common divisor of 290 and b.
58
Let j be (-10)/4*16/(-10). Suppose j*m - 300 = 816. Suppose -x + 15 = -16. Calculate the highest common factor of x and m.
31
Suppose 196 = -c + 5*c. Calculate the greatest common divisor of 343 and c.
49
Let z(d) = 297*d**3 - d**2 - 3*d + 4. Let r be z(1). Suppose 9*l + 108 = 13*l. Calculate the greatest common factor of r and l.
27
Let c = 21 - 39. Let u be (-52)/7 + c/(-42). Let r = 209 - u. What is the greatest common divisor of 24 and r?
24
Let w = -53 + 249. Suppose -53 = -3*x + v + 30, -136 = -5*x + 4*v. What is the highest common divisor of w and x?
28
Suppose -3*d - 6 = -5*d. Suppose y + 2 = d*y. Let v(r) = 34*r**3 - r**2 + r - 1. Let a be v(y). Calculate the highest common factor of a and 22.
11
Suppose y - 5*s - 1061 = 0, y - 1069 = 2*s + s. Suppose 185 = -4*b + y. Let k = -114 + b. What is the greatest common divisor of k and 10?
10
Suppose -4*x + 385 + 407 = 0. Suppose -2*o - 4*k = -384 - 12, o + 4*k = x. What is the greatest common divisor of 18 and o?
18
Suppose -12*l = -6*l - 966. What is the greatest common divisor of 23 and l?
23
Let c(r) = -8*r + 4. Let g be c(-12). Suppose -2*k - 2*k = g. Let d = k - -89. What is the greatest common divisor of 16 and d?
16
Suppose -7*y - 367 = -1550. Calculate the greatest common factor of 52 and y.
13
Suppose -3*u + 2*u - 34 = -5*l, -u = -l + 10. Suppose 2*b + 2*o = 14, o - 16 = -5*b + 3. Suppose b*s = 59 + 31. What is the greatest common divisor of l and s?
6
Let a be (-207)/(-12) + (-1)/4. Suppose 407 = 3*l + 152. What is the highest common divisor of l and a?
17
Suppose -1201 = -23*a + 20*a + 5*b, 2*a + b = 818. What is the greatest common factor of a and 11?
11
Suppose -3 = -l + 4*h + 21, 35 = 5*l - 3*h. Suppose 0 = -0*s + l*s - 448. Calculate the greatest common divisor of 14 and s.
14
Let w be 8 - 1 - (5 + -2). Suppose 31 = w*f + 11. Let j = f - -18. Calculate the greatest common divisor of j and 161.
23
Let i be 0/(-5 - (1 - 5)). Suppose -4*f + 2*l + 48 = i, -5*f + 56 = 2*l + 14. Calculate the greatest common factor of 10 and f.
10
Let f(z) = -z**2 - 7*z**3 + 4*z - z**3 - 7*z - 5 - 3*z**3. Let q be f(-2). What is the greatest common divisor of q and 17?
17
Let n(o) = o**3 + 29*o**2 + 16*o - 56. Let r be n(-28). Suppose -89*g = -82*g - r. Calculate the greatest common divisor of 5 and g.
5
Suppose 0*u + u + 8 = d, 5*u = -2*d + 37. What is the greatest common divisor of 143 and d?
11
Suppose -r = 3*g, g - 2*g + 32 = 3*r. Let w(i) = i - 7. Let p be w(r). What is the highest common divisor of 5 and p?
5
Suppose -6 = -3*p - 0*p. Let b be 0 + (-1)/p + (-31)/(-2). What is the greatest common divisor of 75 and b?
15
Let m be (((-45)/3)/(-3))/(20/168). Calculate the highest common divisor of 56 and m.
14
Let g(s) = -518*s**3 + 3*s**2 + s - 3. Let h be g(-1). Calculate the highest common factor of 47 and h.
47
Let q(t) = 2*t + 21. Let r be q(-7). Let b(i) = -i**3 - 8*i**2 - 10*i - 3. Let g be b(-8). Calculate the highest common factor of r and g.
7
Let j = -127 - -351. What is the greatest common factor of j and 28?
28
Let s be 4023/23 + (189/(-207) - -1). What is the greatest common divisor of 245 and s?
35
Let d(m) = m**3 - 10*m**2 + 2*m - 12. Let p be d(10). Let l = -68 + 76. What is the greatest common factor of p and l?
8
Suppose -8 = -4*c - 28, 5*b - 4*c = 1280. Suppose -38*i - 156 = -42*i - 4*q, 4*q = 2*i - 60. Calculate the greatest common divisor of b and i.
36
Let d = 390 + -333. Suppose 49 = s + 11. Calculate the greatest common divisor of s and d.
19
Let m(c) be the second derivative of c**3/2 - 33*c**2/2 + 21*c. Let r be m(18). Calculate the greatest common factor of r and 14.
7
Let l = 16 - 0. Let p(h) = -3*h**2 - 8*h**3 - 2*h + h**3 + 2*h**3 + h**3. Let i be p(-2). Calculate the highest common divisor of l and i.
8
Let l = 4 + -4. Let o(j) = j**2 - 5. Let q be o(l). Let f(d) = -2*d + 5. Let h be f(q). What is the greatest common facto